2*i - x. Is k a composite number?
False
Suppose -8405042 = -31*v + 4807437. Is v a prime number?
False
Is 5418486*(-41)/984*4/(-3) composite?
False
Suppose 18*r = 16 + 20. Suppose 3*q + 2*k = 6527, 515 = -4*q + r*k + 9241. Is q a prime number?
True
Suppose 4*o + 5*t - 198943 = 285193, 242042 = 2*o - 4*t. Is o prime?
False
Suppose -421790 = 26*u - 30*u - j, 0 = j + 6. Is u composite?
False
Let b(o) = 25462*o - 355. Is b(3) composite?
False
Let k(q) = -5*q**3 + 6*q**2 - 2*q - 4. Let r be k(-6). Suppose 2426 = 4*h + l + 2*l, 3*l = h - 599. Let z = r - h. Is z a composite number?
True
Let k(a) = 2*a**3 + 4*a**2 + 12*a + 2. Let i(y) = 3*y**3 + 8*y**2 + 24*y + 3. Suppose -7*j + 5*j = 6. Let f(r) = j*i(r) + 5*k(r). Is f(12) prime?
True
Let v(j) = 2*j**3 - 6*j**2 + 29*j + 133. Is v(36) prime?
False
Let n(k) be the third derivative of 17*k**6/40 + k**4/24 + 17*k**3/6 - 48*k**2. Is n(5) composite?
False
Let u(f) = 1717*f**2 - f + 3. Let h(m) = -3435*m**2 + 2*m - 6. Let p(s) = 2*h(s) + 5*u(s). Is p(1) prime?
False
Let b be ((-7)/14)/((-7)/3555650). Suppose 24*g + g - b = 0. Is g composite?
False
Let x = 5466 + -2409. Suppose -640*p - 9040 = -620*p. Let d = x + p. Is d prime?
False
Let w = 30 - -236. Suppose -3*q + 4*c = w, 2*q + 5*c - c + 144 = 0. Let d = -31 - q. Is d prime?
False
Let i(q) be the first derivative of 27*q**3 + 6*q**2 - 53*q - 158. Is i(8) a composite number?
False
Suppose -50*q - 296*q + 24*q = -416370794. Is q composite?
False
Suppose 0 = 29*l - 26*l. Suppose 3*t + 5*t - 9544 = l. Is t a prime number?
True
Suppose 4*v = -t + 6*v - 3, v - 4 = 0. Suppose 2*o - 7 = -2*q + t*q, -3*o + 13 = -2*q. Is (-1)/o + (-36954)/(-45) a composite number?
False
Is -6*(-2)/(-8)*28214*(-2)/6 prime?
True
Let s(d) = d**2 - d + 1. Let a(h) = -6*h**2 - 30*h - 43. Let j(f) = -a(f) + 2*s(f). Is j(20) composite?
True
Let n(a) = 7*a**3 + 11*a**2 - 28*a - 5. Let c = 485 + -476. Is n(c) composite?
False
Is (-7 - 96)*(8 + (-1353)/3) a composite number?
True
Let d be 0/(3 - -3)*(-3)/(-3). Suppose -4*j - 2*q + 5*q + 3193 = d, 3*j - 2*q = 2395. Is j prime?
False
Let n(a) = -4726*a + 1022. Let f(z) = -1182*z + 255. Let u(l) = -9*f(l) + 2*n(l). Is u(25) prime?
True
Suppose 297*t - 301*t - 2*y = -69496, 0 = y + 6. Is t prime?
True
Suppose z + z = 10. Is (z/(80/(-956)))/((-6)/24) a composite number?
False
Let l(q) = q**3 - 14*q**2 + 14*q + 19. Let u be l(13). Let n = u + 45. Is n composite?
True
Suppose 0 = 2*h + 5*l - 4870, l = -4*h - l + 9708. Suppose -5*w + 2*o = -h, 25*w + o = 21*w + 1953. Is w a prime number?
True
Let i = 33 - 44. Let g(v) = -v - 8. Let r be g(i). Suppose -r*t + 5946 = 3*t. Is t prime?
True
Let b = -3014 - -1700. Let i = 3481 + b. Is i prime?
False
Let b be (12 - 11)/(1/13375). Suppose 7*m - 5952 - b = 0. Is m a composite number?
True
Let h(t) = -16*t - 11. Let l be h(-1). Suppose -l*r + 7366 = 1401. Is r composite?
False
Let d be ((-114)/(-18) - 5)/(3/9). Is (4189/d - -2) + 6/(-24) a composite number?
False
Suppose -2*w - 3*w = -5, -3*w - 942 = l. Let s be (0 + 3)*12838/21. Let m = s + l. Is m composite?
True
Let n(r) = 14858*r**2 + 54*r - 217. Is n(4) prime?
False
Suppose 16*i + 63 + 145 = 0. Let x(y) = y**3 + 27*y**2 + 17*y + 14. Is x(i) composite?
True
Let o be 328587/14 - (-1)/(-2). Let s = o + -16233. Is s prime?
True
Let q = -78 + 83. Is -1*(-3939 + 4)/q composite?
False
Suppose 0 = 5*f - 4*q + 2*q + 870, 5*f + 4*q = -840. Let p be 24/(-84) - f/14. Suppose -2*i + 3*g = -877, 0 = -4*g - 0 + p. Is i prime?
True
Suppose 513 - 63 = h. Let r = h + 159. Suppose 2*u - 5*u - r = -5*y, -5*y = 2*u - 619. Is y a prime number?
False
Let w = 24 - 25. Let z be (594/(-12) + -7)*(-1 + w). Let t = -60 + z. Is t composite?
False
Suppose -2*n - 9 = u, 19*u + n - 18 = 23*u. Let a(j) = -6*j**2 - 4*j + 2. Let q(s) = -s**2 + s + 1. Let k(c) = -a(c) - q(c). Is k(u) a prime number?
True
Suppose -9*d + 4424 = -d. Suppose -6*a - a = -d. Is a prime?
True
Suppose 0 = -31*j + 36*j - 19120. Suppose 230 = -3*i + j. Is i a prime number?
False
Suppose 2*p - 5*v = -v + 10, -3*p - 4*v = -5. Suppose 2*x + n - 3*n - 1950 = 0, -4*x + 3914 = p*n. Is x a prime number?
True
Suppose -107549 = -2*k + q, -k + 2*q + 8797 = -44982. Is k composite?
False
Suppose 825*h - 410*h = 398*h + 9792221. Is h a prime number?
True
Let u(w) = 6*w**2 + 21*w + 31. Let b be u(14). Suppose -r + 7490 = 4*r + 5*n, 0 = -r + 2*n + b. Is r composite?
False
Let x(f) = -2853*f - 201. Let d be x(-11). Suppose 2*c + 4*a - d = 0, 2*a - 77971 = -0*c - 5*c. Is c composite?
True
Suppose v + 2136 = -0*m - 3*m, 10646 = -5*v + 2*m. Let k = -1261 - v. Is k prime?
False
Suppose 149170 = -317*u + 324*u. Let f = u + 4213. Is f a prime number?
True
Let l be (-7)/28 - (3 + (-14)/(-8)). Is (-3994)/(l/(-45)*-6) a composite number?
True
Let x(h) = -h**3 + 8*h**2 + 8*h + 11. Let u be x(9). Suppose t + r = -r + 3603, 0 = u*t + 2*r - 7196. Is t prime?
True
Let x(k) = -1 + 205*k**2 + 7*k + 5 + 6 - 8. Let j be x(-6). Is j/15 + (-1)/3 prime?
False
Is 135 - 157 - (-10446155)/5 prime?
False
Suppose -557213 = -8*c - 124597. Is c a prime number?
False
Let z(v) = -298*v**3 - 8*v**2 - 53*v - 155. Is z(-4) prime?
True
Suppose -h + 396 = 5*f, -5*h = -0*h + 5*f - 1940. Let l = 2663 - 2488. Let m = h - l. Is m a composite number?
False
Let l = 55 + 5797. Suppose -5*y + l = -h + 4*h, -5*h = y - 9746. Is h composite?
False
Let g = 10761171 - 6569728. Is g a composite number?
False
Let m(n) = 18*n**2 + 14. Let a be m(10). Is ((-2)/(-4) + 0)*a a prime number?
True
Let j(f) = -100*f + 793. Is j(-66) prime?
True
Let g(l) be the second derivative of 3*l**4 + 19*l**3/6 + 73*l**2 + 185*l. Is g(-21) prime?
False
Suppose -2*v = 2*n - 892, -3*n + 5*v - 458 = -4*n. Suppose -l + 2298 = -n. Is l a composite number?
False
Let g(c) = 310*c**3 - 29*c + 44*c**3 + 1055*c**3 + 35*c - 9 + 2*c**2. Is g(2) a composite number?
True
Let k(f) = 4*f**3 - 95*f**2 - 32*f - 138. Is k(41) composite?
True
Let a(n) = -138*n**3 + 4*n**2 + n + 19. Is a(-3) a prime number?
False
Let y be (-87)/(-2)*(-11)/(-66)*2012. Let t = y - 9870. Is t composite?
True
Is ((-204133)/8)/(5 - 492/96) a composite number?
False
Suppose 4*v - 192392 - 1628809 = -5*b, -2*v = -2*b - 910632. Is v composite?
False
Suppose -p + 2142 = p. Suppose -4*y - 3*l - 808 = y, 3*y + 3*l + 480 = 0. Let t = y + p. Is t a composite number?
False
Let x be 4/(((-1)/(-9))/(3/6)). Suppose 21*p = x*p - 6. Is (428 + p)/(3/(6/4)) a composite number?
True
Let y(h) = 2*h**2 + 4*h. Let n be y(4). Let t = 110 - n. Is ((-20)/(-8))/5*t a composite number?
False
Let j = -203 - -202. Let b = 10 - 16. Is j/b - (-9246)/36 composite?
False
Suppose -32*p - 36*p = 13*p - 44794053. Is p composite?
False
Suppose -h + 130 - 128 = 0. Suppose 5*i = h*k, -5*i = -8 - 2. Suppose -k*n + 2*m + 5135 = 0, -n + 4*m + 5135 = 4*n. Is n a prime number?
False
Is 10 - 862062/(-36)*6 a prime number?
True
Let z(d) be the second derivative of -335*d**3/3 - 3*d**2/2 - 18*d. Suppose 4*r - 8 = 8*r. Is z(r) prime?
False
Let g = -9 - -9. Suppose 0 = 3*u + u + 4*d - 6180, g = -u + 3*d + 1537. Is u a composite number?
False
Let x(l) = -l**3 + 6*l**2 - 4*l - 2. Let a be x(5). Suppose 3*o + n - 2279 = a*n, -2*o + n + 1519 = 0. Suppose 6*b - o = -141. Is b prime?
True
Let s = -757767 - -479923. Is 1/(7/s*-4) a prime number?
True
Let o = -36715 + 93017. Is o prime?
False
Suppose -p = 5*p - 2*p. Suppose p = 7*s - 4 - 3. Is (3117/(-12))/(1/(s - 5)) a prime number?
True
Let s(u) be the second derivative of -u**5/20 + 8*u**4/3 + 7*u**3/6 + 43*u**2/2 + 94*u. Is s(30) a prime number?
True
Suppose -4*b = -4*f + 4, -2*f + 3*b = -0*f. Is f/9 + (-66130)/(-15) a composite number?
False
Suppose 2*o - 4*m + 51664 = 0, -o - 10*m + 6*m - 25844 = 0. Is o/(-9) + -3 + (-6)/9 a composite number?
True
Suppose v - 412688 = -4*i, 12*i = 10*i - 4*v + 206358. Is i a composite number?
False
Let l = -62 - -67. Let i be (-2)/(-4)*10/l + -49600. Is i/(-63) - (-4)/(-14) prime?
True
Let n(g) = 25*g**2 - g + 2. Let y be n(1). Suppose l - 2*u - y = 17, u = -1. Is l*(-1)/((-40)/(-14) - 3) composite?
True
Let a(m) = 3*m**2 + 2 - 12 + 0. Let n be a(-4). Let o = 135 - n. Is o prime?
True
Let h be 2/17 + 1103206/221. Let x = h - 2601. Is x a composite number?
True
Let v = 1746 + -1218. Let g = v - 133. S